{"id":261,"date":"2018-07-06T17:04:12","date_gmt":"2018-07-06T17:04:12","guid":{"rendered":"https:\/\/www.marie-picard.com\/?page_id=261"},"modified":"2019-01-23T14:46:45","modified_gmt":"2019-01-23T14:46:45","slug":"contact","status":"publish","type":"page","link":"https:\/\/www.marie-picard.com\/index.php\/contact\/","title":{"rendered":"Contact"},"content":{"rendered":"\t\t<div data-elementor-type=\"wp-post\" data-elementor-id=\"261\" class=\"elementor elementor-261 elementor-bc-flex-widget\" data-elementor-settings=\"[]\">\n\t\t\t\t\t\t<div class=\"elementor-inner\">\n\t\t\t\t\t\t\t<div class=\"elementor-section-wrap\">\n\t\t\t\t\t\t\t<section class=\"elementor-section elementor-top-section elementor-element elementor-element-6a7760b8 elementor-section-content-middle elementor-section-full_width elementor-reverse-mobile elementor-section-height-default elementor-section-height-default\" data-id=\"6a7760b8\" data-element_type=\"section\" data-settings=\"{&quot;background_background&quot;:&quot;none&quot;}\">\n\t\t\t\t\t\t<div class=\"elementor-container elementor-column-gap-no\">\n\t\t\t\t\t\t\t<div class=\"elementor-row\">\n\t\t\t\t\t<div class=\"elementor-column elementor-col-50 elementor-top-column elementor-element elementor-element-33cae285\" data-id=\"33cae285\" data-element_type=\"column\" data-settings=\"{&quot;background_background&quot;:&quot;classic&quot;}\">\n\t\t\t<div class=\"elementor-column-wrap elementor-element-populated\">\n\t\t\t\t\t\t\t<div class=\"elementor-widget-wrap\">\n\t\t\t\t\t\t<div class=\"elementor-element elementor-element-1abe748 elementor-widget elementor-widget-content_form_contact\" data-id=\"1abe748\" data-element_type=\"widget\" data-widget_type=\"content_form_contact.default\">\n\t\t\t\t<div class=\"elementor-widget-container\">\n\t\t\t<form action=\"https:\/\/www.marie-picard.com\/wp-admin\/admin-post.php\" method=\"post\" name=\"content-form-1abe748\" id=\"content-form-1abe748\" class=\"ti-cf-module content-form content-form-contact content_form_contact\"><input type=\"hidden\" id=\"_wpnonce_contact\" name=\"_wpnonce_contact\" value=\"1299b2651c\" \/><input type=\"hidden\" name=\"_wp_http_referer\" value=\"\/index.php\/wp-json\/wp\/v2\/pages\/261\" \/><input type=\"hidden\" name=\"action\" value=\"content_form_submit\" \/><input type=\"hidden\" name=\"form-type\" value=\"contact\" \/><input type=\"hidden\" name=\"form-builder\" value=\"elementor\" \/><input type=\"hidden\" name=\"post-id\" value=\"261\" \/><input type=\"hidden\" name=\"form-id\" value=\"1abe748\" \/><fieldset class=\"content-form-field-text elementor-column elementor-col-100\"><label for=\"data[1abe748][name]\" >Nom<span class=\"required-mark\"> *<\/span><\/label><input type=\"text\" name=\"data[1abe748][name]\" id=\"data[1abe748][name]\" required=\"required\"  placeholder=\"Votre nom\"><\/fieldset><fieldset class=\"content-form-field-email elementor-column elementor-col-100\"><label for=\"data[1abe748][email]\" >Email<span class=\"required-mark\"> *<\/span><\/label><input type=\"text\" name=\"data[1abe748][email]\" id=\"data[1abe748][email]\" required=\"required\"  placeholder=\"Votre address email\"><\/fieldset><fieldset class=\"content-form-field-number elementor-column elementor-col-100\"><label for=\"data[1abe748][phone]\" >T\u00e9l\u00e9phone<\/label><input type=\"text\" name=\"data[1abe748][phone]\" id=\"data[1abe748][phone]\"   placeholder=\"Num\u00e9ro de t\u00e9l\u00e9phone\"><\/fieldset><fieldset class=\"content-form-field-textarea elementor-column elementor-col-100\"><label for=\"data[1abe748][message]\" >Message<span class=\"required-mark\"> *<\/span><\/label><textarea name=\"data[1abe748][message]\" id=\"data[1abe748][message]\"  required=\"required\" placeholder=\"Votre message\" cols=\"30\" rows=\"5\"><\/textarea><\/fieldset><fieldset class=\"submit-form contact\"><button type=\"submit\" name=\"submit\"  value=\"submit-contact-1abe748\" class=\"\">Envoyer<\/button><\/fieldset><\/form>\t\t<\/div>\n\t\t\t\t<\/div>\n\t\t\t\t<div class=\"elementor-element elementor-element-201f778 elementor-widget elementor-widget-text-editor\" data-id=\"201f778\" data-element_type=\"widget\" data-widget_type=\"text-editor.default\">\n\t\t\t\t<div class=\"elementor-widget-container\">\n\t\t\t\t\t\t\t\t<div class=\"elementor-text-editor elementor-clearfix\">\n\t\t\t\t<p>Merci de remplacer le (at) par l&rsquo;arobase dans votre logiciel de messagerie<\/p>\t\t\t\t\t<\/div>\n\t\t\t\t\t\t<\/div>\n\t\t\t\t<\/div>\n\t\t\t\t<div class=\"elementor-element elementor-element-866300d elementor-widget elementor-widget-text-editor\" data-id=\"866300d\" data-element_type=\"widget\" data-widget_type=\"text-editor.default\">\n\t\t\t\t<div class=\"elementor-widget-container\">\n\t\t\t\t\t\t\t\t<div class=\"elementor-text-editor elementor-clearfix\">\n\t\t\t\t<p>Vous pouvez m&rsquo;envoyer un message \u00e0<\/p><p><b>mariepicard(at)club-internet.fr<\/b><\/p><p><span style=\"color: #333333;\"><span style=\"font-size: 20px; font-weight: 600;\">ou par\u00a0<\/span><span style=\"caret-color: #333333; font-size: 20px; font-weight: 600;\">t\u00e9l\u00e9phone<\/span><span style=\"font-size: 20px; font-weight: 600;\">\u00a0au\u00a0<\/span><\/span><span style=\"color: #333333; font-size: 20px; font-weight: 600;\"><b>\u00a006 22 19 77 01<\/b><\/span><\/p><div>\u00a0<\/div>\t\t\t\t\t<\/div>\n\t\t\t\t\t\t<\/div>\n\t\t\t\t<\/div>\n\t\t\t\t\t\t<\/div>\n\t\t\t\t\t<\/div>\n\t\t<\/div>\n\t\t\t\t<div class=\"elementor-column elementor-col-50 elementor-top-column elementor-element elementor-element-7383bacd\" data-id=\"7383bacd\" data-element_type=\"column\" data-settings=\"{&quot;background_background&quot;:&quot;classic&quot;}\">\n\t\t\t<div class=\"elementor-column-wrap elementor-element-populated\">\n\t\t\t\t\t<div class=\"elementor-background-overlay\"><\/div>\n\t\t\t\t\t\t\t<div class=\"elementor-widget-wrap\">\n\t\t\t\t\t\t<div class=\"elementor-element elementor-element-1f8ed03c elementor-widget elementor-widget-text-editor\" data-id=\"1f8ed03c\" data-element_type=\"widget\" data-widget_type=\"text-editor.default\">\n\t\t\t\t<div class=\"elementor-widget-container\">\n\t\t\t\t\t\t\t\t<div class=\"elementor-text-editor elementor-clearfix\">\n\t\t\t\t<h4>\u00a0<\/h4><p>\u00a0<\/p><h4>\u00a0<\/h4><h4>\u00a0<\/h4><h4 style=\"text-align: center;\"><strong>Marie Picard<\/strong><br \/><span style=\"font-size: inherit;\">230 chemin de la Pimprenelle<br \/><\/span><span style=\"font-size: inherit;\">30 000 Nimes<\/span><\/h4><p style=\"text-align: center;\"><span style=\"font-size: inherit;\">Siret 38161590500035<\/span><\/p><p style=\"text-align: center;\">Je re\u00e7ois les visiteurs sur RDV.<\/p>\t\t\t\t\t<\/div>\n\t\t\t\t\t\t<\/div>\n\t\t\t\t<\/div>\n\t\t\t\t\t\t<\/div>\n\t\t\t\t\t<\/div>\n\t\t<\/div>\n\t\t\t\t\t\t\t\t<\/div>\n\t\t\t\t\t<\/div>\n\t\t<\/section>\n\t\t\t\t<section class=\"elementor-section elementor-top-section elementor-element elementor-element-e96907b elementor-section-boxed elementor-section-height-default elementor-section-height-default\" data-id=\"e96907b\" data-element_type=\"section\">\n\t\t\t\t\t\t<div class=\"elementor-container elementor-column-gap-default\">\n\t\t\t\t\t\t\t<div class=\"elementor-row\">\n\t\t\t\t\t<div class=\"elementor-column elementor-col-100 elementor-top-column elementor-element elementor-element-0955596\" data-id=\"0955596\" data-element_type=\"column\">\n\t\t\t<div class=\"elementor-column-wrap\">\n\t\t\t\t\t\t\t<div class=\"elementor-widget-wrap\">\n\t\t\t\t\t\t\t\t<\/div>\n\t\t\t\t\t<\/div>\n\t\t<\/div>\n\t\t\t\t\t\t\t\t<\/div>\n\t\t\t\t\t<\/div>\n\t\t<\/section>\n\t\t\t\t\t\t<\/div>\n\t\t\t\t\t\t<\/div>\n\t\t\t\t\t<\/div>\n\t\t","protected":false},"excerpt":{"rendered":"<p>Nom Email T\u00e9l\u00e9phone Message Envoyer Merci de remplacer le (at) par l&rsquo;arobase dans votre logiciel de messagerie Vous pouvez m&rsquo;envoyer un message \u00e0 mariepicard(at)club-internet.fr ou par\u00a0t\u00e9l\u00e9phone\u00a0au\u00a0\u00a006 22 19 77 01 \u00a0 \u00a0 \u00a0 \u00a0 \u00a0 Marie Picard230 chemin de la Pimprenelle30 000 Nimes Siret 38161590500035 Je re\u00e7ois les visiteurs sur RDV.<\/p>\n","protected":false},"author":2,"featured_media":0,"parent":0,"menu_order":0,"comment_status":"closed","ping_status":"closed","template":"","meta":[],"_links":{"self":[{"href":"https:\/\/www.marie-picard.com\/index.php\/wp-json\/wp\/v2\/pages\/261"}],"collection":[{"href":"https:\/\/www.marie-picard.com\/index.php\/wp-json\/wp\/v2\/pages"}],"about":[{"href":"https:\/\/www.marie-picard.com\/index.php\/wp-json\/wp\/v2\/types\/page"}],"author":[{"embeddable":true,"href":"https:\/\/www.marie-picard.com\/index.php\/wp-json\/wp\/v2\/users\/2"}],"replies":[{"embeddable":true,"href":"https:\/\/www.marie-picard.com\/index.php\/wp-json\/wp\/v2\/comments?post=261"}],"version-history":[{"count":21,"href":"https:\/\/www.marie-picard.com\/index.php\/wp-json\/wp\/v2\/pages\/261\/revisions"}],"predecessor-version":[{"id":657,"href":"https:\/\/www.marie-picard.com\/index.php\/wp-json\/wp\/v2\/pages\/261\/revisions\/657"}],"wp:attachment":[{"href":"https:\/\/www.marie-picard.com\/index.php\/wp-json\/wp\/v2\/media?parent=261"}],"curies":[{"name":"wp","href":"https:\/\/api.w.org\/{rel}","templated":true}]}}