{"id":479,"date":"2018-11-11T10:07:38","date_gmt":"2018-11-11T10:07:38","guid":{"rendered":"https:\/\/www.marie-picard.com\/?post_type=product&#038;p=479"},"modified":"2019-06-10T11:32:08","modified_gmt":"2019-06-10T11:32:08","slug":"dragon-harmonique","status":"publish","type":"product","link":"https:\/\/www.marie-picard.com\/index.php\/produit\/dragon-harmonique\/","title":{"rendered":"Dragon harmonique"},"content":{"rendered":"","protected":false},"excerpt":{"rendered":"<p>Taille\u00a0: H : 7,5cm \u2013 L : 52cm \u2013 l : 5cm<\/p>\n<p>Instrument\u00a0: Flute harmonique<\/p>\n<p>Tonalite\u00a0: Fondamentale environ en sol<\/p>\n<p>Technique\u00a0: Terre \u00e0 fa\u00efence blanche polie avec d\u00e9cors gratt\u00e9s<\/p>\n","protected":false},"featured_media":541,"comment_status":"open","ping_status":"closed","template":"","meta":[],"product_cat":[21,33,18],"product_tag":[],"_links":{"self":[{"href":"https:\/\/www.marie-picard.com\/index.php\/wp-json\/wp\/v2\/product\/479"}],"collection":[{"href":"https:\/\/www.marie-picard.com\/index.php\/wp-json\/wp\/v2\/product"}],"about":[{"href":"https:\/\/www.marie-picard.com\/index.php\/wp-json\/wp\/v2\/types\/product"}],"replies":[{"embeddable":true,"href":"https:\/\/www.marie-picard.com\/index.php\/wp-json\/wp\/v2\/comments?post=479"}],"wp:featuredmedia":[{"embeddable":true,"href":"https:\/\/www.marie-picard.com\/index.php\/wp-json\/wp\/v2\/media\/541"}],"wp:attachment":[{"href":"https:\/\/www.marie-picard.com\/index.php\/wp-json\/wp\/v2\/media?parent=479"}],"wp:term":[{"taxonomy":"product_cat","embeddable":true,"href":"https:\/\/www.marie-picard.com\/index.php\/wp-json\/wp\/v2\/product_cat?post=479"},{"taxonomy":"product_tag","embeddable":true,"href":"https:\/\/www.marie-picard.com\/index.php\/wp-json\/wp\/v2\/product_tag?post=479"}],"curies":[{"name":"wp","href":"https:\/\/api.w.org\/{rel}","templated":true}]}}