{"id":52,"date":"2018-05-19T14:38:32","date_gmt":"2018-05-19T14:38:32","guid":{"rendered":"https:\/\/www.marie-picard.com\/?post_type=product&#038;p=52"},"modified":"2025-04-24T13:13:04","modified_gmt":"2025-04-24T13:13:04","slug":"melusine","status":"publish","type":"product","link":"https:\/\/www.marie-picard.com\/index.php\/produit\/melusine\/","title":{"rendered":"M\u00e9lusine"},"content":{"rendered":"<p>Pour \u00e9couter cet instrument,<\/p>\n<!--[if lt IE 9]><script>document.createElement('audio');<\/script><![endif]-->\n<audio class=\"wp-audio-shortcode\" id=\"audio-52-1\" preload=\"none\" style=\"width: 100%;\" controls=\"controls\"><source type=\"audio\/mpeg\" src=\"https:\/\/www.marie-picard.com\/wp-content\/uploads\/2018\/05\/Creo-Showdown.mp3?_=1\" \/><a href=\"https:\/\/www.marie-picard.com\/wp-content\/uploads\/2018\/05\/Creo-Showdown.mp3\">https:\/\/www.marie-picard.com\/wp-content\/uploads\/2018\/05\/Creo-Showdown.mp3<\/a><\/audio>\n<p>&nbsp;<\/p>\n","protected":false},"excerpt":{"rendered":"<p>Taille\u00a0: H\u00a0:11 cm &#8211;\u00a0 L\u00a0:10 cm \u2013 l\u00a0:4,5 cm<\/p>\n<p>Instrument\u00a0: ocarina chromatique sur un support en forme de vague<\/p>\n<p>Tessiture\u00a0: 14 notes chromatiques<\/p>\n<p>Tonalit\u00e9\u00a0:<\/p>\n<p>Technique\u00a0: terre blanche polie cuite en r\u00e9duction avec d\u00e9cors gratt\u00e9s<\/p>\n<p>&nbsp;<\/p>\n","protected":false},"featured_media":55,"comment_status":"open","ping_status":"closed","template":"","meta":[],"product_cat":[19,18],"product_tag":[],"_links":{"self":[{"href":"https:\/\/www.marie-picard.com\/index.php\/wp-json\/wp\/v2\/product\/52"}],"collection":[{"href":"https:\/\/www.marie-picard.com\/index.php\/wp-json\/wp\/v2\/product"}],"about":[{"href":"https:\/\/www.marie-picard.com\/index.php\/wp-json\/wp\/v2\/types\/product"}],"replies":[{"embeddable":true,"href":"https:\/\/www.marie-picard.com\/index.php\/wp-json\/wp\/v2\/comments?post=52"}],"wp:featuredmedia":[{"embeddable":true,"href":"https:\/\/www.marie-picard.com\/index.php\/wp-json\/wp\/v2\/media\/55"}],"wp:attachment":[{"href":"https:\/\/www.marie-picard.com\/index.php\/wp-json\/wp\/v2\/media?parent=52"}],"wp:term":[{"taxonomy":"product_cat","embeddable":true,"href":"https:\/\/www.marie-picard.com\/index.php\/wp-json\/wp\/v2\/product_cat?post=52"},{"taxonomy":"product_tag","embeddable":true,"href":"https:\/\/www.marie-picard.com\/index.php\/wp-json\/wp\/v2\/product_tag?post=52"}],"curies":[{"name":"wp","href":"https:\/\/api.w.org\/{rel}","templated":true}]}}